{"id":382,"date":"2020-07-25T17:23:41","date_gmt":"2020-07-25T20:23:41","guid":{"rendered":"https:\/\/www.fcad.uner.edu.ar\/proyecto-extension\/?page_id=382"},"modified":"2020-08-20T10:28:46","modified_gmt":"2020-08-20T13:28:46","slug":"entrevistas","status":"publish","type":"page","link":"https:\/\/www.fcad.uner.edu.ar\/proyecto-extension\/entrevistas\/","title":{"rendered":"Entrevistas"},"content":{"rendered":"\t\t<div data-elementor-type=\"wp-page\" data-elementor-id=\"382\" class=\"elementor elementor-382\">\n\t\t\t\t\t\t<div class=\"elementor-inner\">\n\t\t\t\t<div class=\"elementor-section-wrap\">\n\t\t\t\t\t\t\t\t\t<section class=\"elementor-section elementor-top-section elementor-element elementor-element-1c3eb84 elementor-section-stretched elementor-section-full_width elementor-reverse-tablet elementor-section-height-default elementor-section-height-default\" data-id=\"1c3eb84\" data-element_type=\"section\" data-settings=\"{&quot;stretch_section&quot;:&quot;section-stretched&quot;}\">\n\t\t\t\t\t\t<div class=\"elementor-container elementor-column-gap-default\">\n\t\t\t\t\t\t\t<div class=\"elementor-row\">\n\t\t\t\t\t<div class=\"elementor-column elementor-col-50 elementor-top-column elementor-element elementor-element-cb67a8e\" data-id=\"cb67a8e\" data-element_type=\"column\">\n\t\t\t<div class=\"elementor-column-wrap elementor-element-populated\">\n\t\t\t\t\t\t\t<div class=\"elementor-widget-wrap\">\n\t\t\t\t\t\t<div class=\"elementor-element elementor-element-c20d038 elementor-widget elementor-widget-wp-widget-custom_html\" data-id=\"c20d038\" data-element_type=\"widget\" data-widget_type=\"wp-widget-custom_html.default\">\n\t\t\t\t<div class=\"elementor-widget-container\">\n\t\t\t<div class=\"textwidget custom-html-widget\"><div class=\"fcad-cont-menu\"> \r\n    <div class=\"fcad-item-menu\">\r\n\t\t<a href=\"https:\/\/www.fcad.uner.edu.ar\/proyecto-extension\/\">Inicio<\/a>\r\n\t<\/div>\r\n\r\n\t<div class=\"fcad-item-menu\">\r\n\t\t<a href=\"https:\/\/www.fcad.uner.edu.ar\/proyecto-extension\/entrevistas\/\">Entrevistas<\/a>\r\n\t<\/div>\r\n\r\n\t<div class=\"fcad-item-menu\">\r\n\t\t<a href=\"https:\/\/www.fcad.uner.edu.ar\/proyecto-extension\/documentos\/\">Documentos<\/a>\r\n\t<\/div>\r\n\t\t\t\r\n\t<div class=\"fcad-item-menu\">\r\n\t\t<a href=\"https:\/\/www.fcad.uner.edu.ar\/proyecto-extension\/participantes\/\">Instituciones Participantes<\/a>\r\n\t<\/div>\r\n\r\n\t<div class=\"fcad-item-menu\">\r\n\t\t<a href=\"https:\/\/www.fcad.uner.edu.ar\/proyecto-extension\/integrantes\/\">Integrantes<\/a>\r\n\t<\/div>\t\r\n\t\r\n    <div class=\"fcad-item-menu\">\r\n\t\t<a href=\"https:\/\/www.fcad.uner.edu.ar\/proyecto-extension\/contacto\/\">Contacto<\/a>\r\n\t<\/div>\t\r\n<\/div>\r\n<div>\r\n<div style=\"text-align: center;text-transform: capitalize;font-weight: 500;font-size: x-large;border-top-style: solid;border-top-width: 3px;border-top-color: #ffffff;padding: 10px;background-color: #006A6A;color: white\">Sugerencias<\/div>\r\n<div style=\"text-align: center;text-transform: capitalize;border-top-color: #ffffff;padding: 10px;background-color: #006A6A;color: white\"><span class=\"elementor-icon-list-icon\">\r\n\t\t\t\t\t\t\t<i aria-hidden=\"true\" class=\"fab fa-whatsapp\"><\/i>\t\t\t\t\t\t<\/span>(+54)3454933737<\/div>\r\n<div style=\"text-align: center;border-top-color: #ffffff;padding: 10px;background-color: #006A6A;color: white\"><span class=\"elementor-icon-list-icon\">\r\n\t\t\t\t\t\t\t<i aria-hidden=\"true\" class=\"far fa-envelope\"><\/i>\t\t\t\t\t\t<\/span><span>proyextefcad@gmail.com<\/span><\/div>\r\n\r\n\r\n\r\n<\/div><\/div>\t\t<\/div>\n\t\t\t\t<\/div>\n\t\t\t\t\t\t<\/div>\n\t\t\t\t\t<\/div>\n\t\t<\/div>\n\t\t\t\t<div class=\"elementor-column elementor-col-50 elementor-top-column elementor-element elementor-element-a17d338\" data-id=\"a17d338\" data-element_type=\"column\">\n\t\t\t<div class=\"elementor-column-wrap elementor-element-populated\">\n\t\t\t\t\t\t\t<div class=\"elementor-widget-wrap\">\n\t\t\t\t\t\t<div class=\"elementor-element elementor-element-7b4d4de elementor-widget elementor-widget-heading\" data-id=\"7b4d4de\" data-element_type=\"widget\" data-widget_type=\"heading.default\">\n\t\t\t\t<div class=\"elementor-widget-container\">\n\t\t\t<h1 class=\"elementor-heading-title elementor-size-default\">Entrevistas<\/h1>\t\t<\/div>\n\t\t\t\t<\/div>\n\t\t\t\t<div class=\"elementor-element elementor-element-dbfb32e elementor-widget elementor-widget-obfx-posts-grid\" data-id=\"dbfb32e\" data-element_type=\"widget\" data-widget_type=\"obfx-posts-grid.default\">\n\t\t\t\t<div class=\"elementor-widget-container\">\n\t\t\t<div class=\"obfx-grid\"><div class=\"obfx-grid-container obfx-grid-mobile-1 obfx-grid-tablet-2 obfx-grid-desktop-3\"><div class=\"obfx-grid-wrapper\"><article class=\"obfx-grid-col\"><div class=\"obfx-grid-col-image\" ><a href=\"https:\/\/www.fcad.uner.edu.ar\/proyecto-extension\/pandemia-e-inflacion\/\" title=\"Pandemia e Inflaci\u00f3n\"><img width=\"960\" height=\"720\" src=\"https:\/\/www.fcad.uner.edu.ar\/proyecto-extension\/wp-content\/uploads\/2022\/03\/Diapositiva1-1.jpg\" class=\"img-responsive wp-post-image\" alt=\"Diapositiva1 (1)\" decoding=\"async\" loading=\"lazy\" srcset=\"https:\/\/www.fcad.uner.edu.ar\/proyecto-extension\/wp-content\/uploads\/2022\/03\/Diapositiva1-1.jpg 960w, https:\/\/www.fcad.uner.edu.ar\/proyecto-extension\/wp-content\/uploads\/2022\/03\/Diapositiva1-1-300x225.jpg 300w, https:\/\/www.fcad.uner.edu.ar\/proyecto-extension\/wp-content\/uploads\/2022\/03\/Diapositiva1-1-768x576.jpg 768w\" sizes=\"(max-width: 960px) 100vw, 960px\" \/><\/a><\/div><div class=\"obfx-grid-col-content\">\t\t\t<h2 class=\"entry-title obfx-grid-title\">\n\t\t\t\t\t\t\t<a href=\"https:\/\/www.fcad.uner.edu.ar\/proyecto-extension\/pandemia-e-inflacion\/\" title=\"Pandemia e Inflaci\u00f3n\">\n\t\t\t\t\tPandemia e Inflaci\u00f3n\t\t\t\t<\/a>\n\t\t\t\t\t\t\t<\/h2>\n\t\t\t<\/div><\/article><\/div><div class=\"obfx-grid-wrapper\"><article class=\"obfx-grid-col\"><div class=\"obfx-grid-col-image\" ><a href=\"https:\/\/www.fcad.uner.edu.ar\/proyecto-extension\/gestion-del-conocimiento-organizacional-un-desafio-para-las-pymes\/\" title=\"Gesti\u00f3n del conocimiento organizacional.\u00a0Un desaf\u00edo para las Pymes\"><img width=\"960\" height=\"720\" src=\"https:\/\/www.fcad.uner.edu.ar\/proyecto-extension\/wp-content\/uploads\/2022\/03\/Beltramino.jpg\" class=\"img-responsive wp-post-image\" alt=\"Beltramino\" decoding=\"async\" loading=\"lazy\" srcset=\"https:\/\/www.fcad.uner.edu.ar\/proyecto-extension\/wp-content\/uploads\/2022\/03\/Beltramino.jpg 960w, https:\/\/www.fcad.uner.edu.ar\/proyecto-extension\/wp-content\/uploads\/2022\/03\/Beltramino-300x225.jpg 300w, https:\/\/www.fcad.uner.edu.ar\/proyecto-extension\/wp-content\/uploads\/2022\/03\/Beltramino-768x576.jpg 768w\" sizes=\"(max-width: 960px) 100vw, 960px\" \/><\/a><\/div><div class=\"obfx-grid-col-content\">\t\t\t<h2 class=\"entry-title obfx-grid-title\">\n\t\t\t\t\t\t\t<a href=\"https:\/\/www.fcad.uner.edu.ar\/proyecto-extension\/gestion-del-conocimiento-organizacional-un-desafio-para-las-pymes\/\" title=\"Gesti\u00f3n del conocimiento organizacional.\u00a0Un desaf\u00edo para las Pymes\">\n\t\t\t\t\tGesti\u00f3n del conocimiento organizacional.\u00a0Un desaf\u00edo para las Pymes\t\t\t\t<\/a>\n\t\t\t\t\t\t\t<\/h2>\n\t\t\t<\/div><\/article><\/div><div class=\"obfx-grid-wrapper\"><article class=\"obfx-grid-col\"><div class=\"obfx-grid-col-image\" ><a href=\"https:\/\/www.fcad.uner.edu.ar\/proyecto-extension\/el-marketing-digital-y-el-comercio-electronico-como-medios-para-enfrentar-el-escenario-actual-de-pandemia\/\" title=\"El marketing digital y el comercio electr\u00f3nico como medios para enfrentar el escenario actual de pandemia\"><img width=\"960\" height=\"720\" src=\"https:\/\/www.fcad.uner.edu.ar\/proyecto-extension\/wp-content\/uploads\/2021\/12\/Diapositiva11.jpg\" class=\"img-responsive wp-post-image\" alt=\"Diapositiva1(1)\" decoding=\"async\" loading=\"lazy\" srcset=\"https:\/\/www.fcad.uner.edu.ar\/proyecto-extension\/wp-content\/uploads\/2021\/12\/Diapositiva11.jpg 960w, https:\/\/www.fcad.uner.edu.ar\/proyecto-extension\/wp-content\/uploads\/2021\/12\/Diapositiva11-300x225.jpg 300w, https:\/\/www.fcad.uner.edu.ar\/proyecto-extension\/wp-content\/uploads\/2021\/12\/Diapositiva11-768x576.jpg 768w\" sizes=\"(max-width: 960px) 100vw, 960px\" \/><\/a><\/div><div class=\"obfx-grid-col-content\">\t\t\t<h2 class=\"entry-title obfx-grid-title\">\n\t\t\t\t\t\t\t<a href=\"https:\/\/www.fcad.uner.edu.ar\/proyecto-extension\/el-marketing-digital-y-el-comercio-electronico-como-medios-para-enfrentar-el-escenario-actual-de-pandemia\/\" title=\"El marketing digital y el comercio electr\u00f3nico como medios para enfrentar el escenario actual de pandemia\">\n\t\t\t\t\tEl marketing digital y el comercio electr\u00f3nico como medios para enfrentar el escenario actual de pandemia\t\t\t\t<\/a>\n\t\t\t\t\t\t\t<\/h2>\n\t\t\t<\/div><\/article><\/div><div class=\"obfx-grid-wrapper\"><article class=\"obfx-grid-col\"><div class=\"obfx-grid-col-image\" ><a href=\"https:\/\/www.fcad.uner.edu.ar\/proyecto-extension\/el-rol-de-los-profesionales-en-ciencias-economicas-frente-a-los-desafios-de-la-gestion-de-pymes-en-el-contexto-post-covid-en-la-region\/\" title=\"El rol de los profesionales en ciencias econ\u00f3micas frente a los desaf\u00edos de la gesti\u00f3n de pymes en el contexto post covid en la regi\u00f3n\"><img width=\"960\" height=\"720\" src=\"https:\/\/www.fcad.uner.edu.ar\/proyecto-extension\/wp-content\/uploads\/2021\/12\/Diapositiva1-1.jpg\" class=\"img-responsive wp-post-image\" alt=\"Diapositiva1\" decoding=\"async\" loading=\"lazy\" srcset=\"https:\/\/www.fcad.uner.edu.ar\/proyecto-extension\/wp-content\/uploads\/2021\/12\/Diapositiva1-1.jpg 960w, https:\/\/www.fcad.uner.edu.ar\/proyecto-extension\/wp-content\/uploads\/2021\/12\/Diapositiva1-1-300x225.jpg 300w, https:\/\/www.fcad.uner.edu.ar\/proyecto-extension\/wp-content\/uploads\/2021\/12\/Diapositiva1-1-768x576.jpg 768w\" sizes=\"(max-width: 960px) 100vw, 960px\" \/><\/a><\/div><div class=\"obfx-grid-col-content\">\t\t\t<h2 class=\"entry-title obfx-grid-title\">\n\t\t\t\t\t\t\t<a href=\"https:\/\/www.fcad.uner.edu.ar\/proyecto-extension\/el-rol-de-los-profesionales-en-ciencias-economicas-frente-a-los-desafios-de-la-gestion-de-pymes-en-el-contexto-post-covid-en-la-region\/\" title=\"El rol de los profesionales en ciencias econ\u00f3micas frente a los desaf\u00edos de la gesti\u00f3n de pymes en el contexto post covid en la regi\u00f3n\">\n\t\t\t\t\tEl rol de los profesionales en ciencias econ\u00f3micas frente a los desaf\u00edos de la gesti\u00f3n de pymes en el contexto post covid en la regi\u00f3n\t\t\t\t<\/a>\n\t\t\t\t\t\t\t<\/h2>\n\t\t\t<\/div><\/article><\/div><div class=\"obfx-grid-wrapper\"><article class=\"obfx-grid-col\"><div class=\"obfx-grid-col-image\" ><a href=\"https:\/\/www.fcad.uner.edu.ar\/proyecto-extension\/un-murcielago-cambio-el-mundo-de-las-organizaciones\/\" title=\"\u00bfUn murci\u00e9lago cambi\u00f3 el mundo de las organizaciones?\"><img width=\"960\" height=\"720\" src=\"https:\/\/www.fcad.uner.edu.ar\/proyecto-extension\/wp-content\/uploads\/2021\/12\/Diapositiva1.jpg\" class=\"img-responsive wp-post-image\" alt=\"Diapositiva1\" decoding=\"async\" loading=\"lazy\" srcset=\"https:\/\/www.fcad.uner.edu.ar\/proyecto-extension\/wp-content\/uploads\/2021\/12\/Diapositiva1.jpg 960w, https:\/\/www.fcad.uner.edu.ar\/proyecto-extension\/wp-content\/uploads\/2021\/12\/Diapositiva1-300x225.jpg 300w, https:\/\/www.fcad.uner.edu.ar\/proyecto-extension\/wp-content\/uploads\/2021\/12\/Diapositiva1-768x576.jpg 768w\" sizes=\"(max-width: 960px) 100vw, 960px\" \/><\/a><\/div><div class=\"obfx-grid-col-content\">\t\t\t<h2 class=\"entry-title obfx-grid-title\">\n\t\t\t\t\t\t\t<a href=\"https:\/\/www.fcad.uner.edu.ar\/proyecto-extension\/un-murcielago-cambio-el-mundo-de-las-organizaciones\/\" title=\"\u00bfUn murci\u00e9lago cambi\u00f3 el mundo de las organizaciones?\">\n\t\t\t\t\t\u00bfUn murci\u00e9lago cambi\u00f3 el mundo de las organizaciones?\t\t\t\t<\/a>\n\t\t\t\t\t\t\t<\/h2>\n\t\t\t<\/div><\/article><\/div><div class=\"obfx-grid-wrapper\"><article class=\"obfx-grid-col\"><div class=\"obfx-grid-col-image\" ><a href=\"https:\/\/www.fcad.uner.edu.ar\/proyecto-extension\/impacto-de-la-covid-19-en-las-organizaciones\/\" title=\"Impacto de la COVID-19 en las organizaciones\"><img width=\"960\" height=\"720\" src=\"https:\/\/www.fcad.uner.edu.ar\/proyecto-extension\/wp-content\/uploads\/2021\/05\/Diapositiva1.jpg\" class=\"img-responsive wp-post-image\" alt=\"Diapositiva1\" decoding=\"async\" loading=\"lazy\" srcset=\"https:\/\/www.fcad.uner.edu.ar\/proyecto-extension\/wp-content\/uploads\/2021\/05\/Diapositiva1.jpg 960w, https:\/\/www.fcad.uner.edu.ar\/proyecto-extension\/wp-content\/uploads\/2021\/05\/Diapositiva1-300x225.jpg 300w, https:\/\/www.fcad.uner.edu.ar\/proyecto-extension\/wp-content\/uploads\/2021\/05\/Diapositiva1-768x576.jpg 768w\" sizes=\"(max-width: 960px) 100vw, 960px\" \/><\/a><\/div><div class=\"obfx-grid-col-content\">\t\t\t<h2 class=\"entry-title obfx-grid-title\">\n\t\t\t\t\t\t\t<a href=\"https:\/\/www.fcad.uner.edu.ar\/proyecto-extension\/impacto-de-la-covid-19-en-las-organizaciones\/\" title=\"Impacto de la COVID-19 en las organizaciones\">\n\t\t\t\t\tImpacto de la COVID-19 en las organizaciones\t\t\t\t<\/a>\n\t\t\t\t\t\t\t<\/h2>\n\t\t\t<\/div><\/article><\/div><div class=\"obfx-grid-wrapper\"><article class=\"obfx-grid-col\"><div class=\"obfx-grid-col-image\" ><a href=\"https:\/\/www.fcad.uner.edu.ar\/proyecto-extension\/la-logistica-en-tiempos-de-pandemia\/\" title=\"La log\u00edstica en tiempos de pandemia\"><img width=\"960\" height=\"720\" src=\"https:\/\/www.fcad.uner.edu.ar\/proyecto-extension\/wp-content\/uploads\/2021\/02\/Diapositiva1.jpg\" class=\"img-responsive wp-post-image\" alt=\"Diapositiva1\" decoding=\"async\" loading=\"lazy\" srcset=\"https:\/\/www.fcad.uner.edu.ar\/proyecto-extension\/wp-content\/uploads\/2021\/02\/Diapositiva1.jpg 960w, https:\/\/www.fcad.uner.edu.ar\/proyecto-extension\/wp-content\/uploads\/2021\/02\/Diapositiva1-300x225.jpg 300w, https:\/\/www.fcad.uner.edu.ar\/proyecto-extension\/wp-content\/uploads\/2021\/02\/Diapositiva1-768x576.jpg 768w\" sizes=\"(max-width: 960px) 100vw, 960px\" \/><\/a><\/div><div class=\"obfx-grid-col-content\">\t\t\t<h2 class=\"entry-title obfx-grid-title\">\n\t\t\t\t\t\t\t<a href=\"https:\/\/www.fcad.uner.edu.ar\/proyecto-extension\/la-logistica-en-tiempos-de-pandemia\/\" title=\"La log\u00edstica en tiempos de pandemia\">\n\t\t\t\t\tLa log\u00edstica en tiempos de pandemia\t\t\t\t<\/a>\n\t\t\t\t\t\t\t<\/h2>\n\t\t\t<\/div><\/article><\/div><div class=\"obfx-grid-wrapper\"><article class=\"obfx-grid-col\"><div class=\"obfx-grid-col-image\" ><a href=\"https:\/\/www.fcad.uner.edu.ar\/proyecto-extension\/consideraciones-minimas-de-seguridad-informatica-en-tiempos-de-pandemia\/\" title=\"Consideraciones m\u00ednimas de seguridad inform\u00e1tica en tiempos de pandemia.\"><img width=\"1015\" height=\"571\" src=\"https:\/\/www.fcad.uner.edu.ar\/proyecto-extension\/wp-content\/uploads\/2020\/12\/Portada.png\" class=\"img-responsive wp-post-image\" alt=\"Portada\" decoding=\"async\" loading=\"lazy\" srcset=\"https:\/\/www.fcad.uner.edu.ar\/proyecto-extension\/wp-content\/uploads\/2020\/12\/Portada.png 1015w, https:\/\/www.fcad.uner.edu.ar\/proyecto-extension\/wp-content\/uploads\/2020\/12\/Portada-300x169.png 300w, https:\/\/www.fcad.uner.edu.ar\/proyecto-extension\/wp-content\/uploads\/2020\/12\/Portada-768x432.png 768w\" sizes=\"(max-width: 1015px) 100vw, 1015px\" \/><\/a><\/div><div class=\"obfx-grid-col-content\">\t\t\t<h2 class=\"entry-title obfx-grid-title\">\n\t\t\t\t\t\t\t<a href=\"https:\/\/www.fcad.uner.edu.ar\/proyecto-extension\/consideraciones-minimas-de-seguridad-informatica-en-tiempos-de-pandemia\/\" title=\"Consideraciones m\u00ednimas de seguridad inform\u00e1tica en tiempos de pandemia.\">\n\t\t\t\t\tConsideraciones m\u00ednimas de seguridad inform\u00e1tica en tiempos de pandemia.\t\t\t\t<\/a>\n\t\t\t\t\t\t\t<\/h2>\n\t\t\t<\/div><\/article><\/div><div class=\"obfx-grid-wrapper\"><article class=\"obfx-grid-col\"><div class=\"obfx-grid-col-image\" ><a href=\"https:\/\/www.fcad.uner.edu.ar\/proyecto-extension\/la-histeresis-de-la-pandemia\/\" title=\"La hist\u00e9resis de la pandemia\"><img width=\"960\" height=\"720\" src=\"https:\/\/www.fcad.uner.edu.ar\/proyecto-extension\/wp-content\/uploads\/2020\/10\/Diapositiva3.jpg\" class=\"img-responsive wp-post-image\" alt=\"Diapositiva3\" decoding=\"async\" loading=\"lazy\" srcset=\"https:\/\/www.fcad.uner.edu.ar\/proyecto-extension\/wp-content\/uploads\/2020\/10\/Diapositiva3.jpg 960w, https:\/\/www.fcad.uner.edu.ar\/proyecto-extension\/wp-content\/uploads\/2020\/10\/Diapositiva3-300x225.jpg 300w, https:\/\/www.fcad.uner.edu.ar\/proyecto-extension\/wp-content\/uploads\/2020\/10\/Diapositiva3-768x576.jpg 768w\" sizes=\"(max-width: 960px) 100vw, 960px\" \/><\/a><\/div><div class=\"obfx-grid-col-content\">\t\t\t<h2 class=\"entry-title obfx-grid-title\">\n\t\t\t\t\t\t\t<a href=\"https:\/\/www.fcad.uner.edu.ar\/proyecto-extension\/la-histeresis-de-la-pandemia\/\" title=\"La hist\u00e9resis de la pandemia\">\n\t\t\t\t\tLa hist\u00e9resis de la pandemia\t\t\t\t<\/a>\n\t\t\t\t\t\t\t<\/h2>\n\t\t\t<\/div><\/article><\/div><div class=\"obfx-grid-wrapper\"><article class=\"obfx-grid-col\"><div class=\"obfx-grid-col-image\" ><a href=\"https:\/\/www.fcad.uner.edu.ar\/proyecto-extension\/el-contexto-economico-de-corto-y-largo-plazo-ciclo-tendencia-y-competitividad\/\" title=\"El contexto econ\u00f3mico de corto y largo plazo. Ciclo, tendencia y competitividad.\"><img width=\"1021\" height=\"728\" src=\"https:\/\/www.fcad.uner.edu.ar\/proyecto-extension\/wp-content\/uploads\/2020\/09\/1.jpg\" class=\"img-responsive wp-post-image\" alt=\"1\" decoding=\"async\" loading=\"lazy\" srcset=\"https:\/\/www.fcad.uner.edu.ar\/proyecto-extension\/wp-content\/uploads\/2020\/09\/1.jpg 1021w, https:\/\/www.fcad.uner.edu.ar\/proyecto-extension\/wp-content\/uploads\/2020\/09\/1-300x214.jpg 300w, https:\/\/www.fcad.uner.edu.ar\/proyecto-extension\/wp-content\/uploads\/2020\/09\/1-768x548.jpg 768w\" sizes=\"(max-width: 1021px) 100vw, 1021px\" \/><\/a><\/div><div class=\"obfx-grid-col-content\">\t\t\t<h2 class=\"entry-title obfx-grid-title\">\n\t\t\t\t\t\t\t<a href=\"https:\/\/www.fcad.uner.edu.ar\/proyecto-extension\/el-contexto-economico-de-corto-y-largo-plazo-ciclo-tendencia-y-competitividad\/\" title=\"El contexto econ\u00f3mico de corto y largo plazo. Ciclo, tendencia y competitividad.\">\n\t\t\t\t\tEl contexto econ\u00f3mico de corto y largo plazo. Ciclo, tendencia y competitividad.\t\t\t\t<\/a>\n\t\t\t\t\t\t\t<\/h2>\n\t\t\t<\/div><\/article><\/div><div class=\"obfx-grid-wrapper\"><article class=\"obfx-grid-col\"><div class=\"obfx-grid-col-image\" ><a href=\"https:\/\/www.fcad.uner.edu.ar\/proyecto-extension\/control-y-gestion-en-contexto-covid\/\" title=\"Control y Gesti\u00f3n en Contexto Covid\"><img width=\"1016\" height=\"768\" src=\"https:\/\/www.fcad.uner.edu.ar\/proyecto-extension\/wp-content\/uploads\/2019\/07\/PortadaEntrevistaMiguelVicente.jpg\" class=\"img-responsive wp-post-image\" alt=\"PortadaEntrevistaMiguelVicente\" decoding=\"async\" loading=\"lazy\" srcset=\"https:\/\/www.fcad.uner.edu.ar\/proyecto-extension\/wp-content\/uploads\/2019\/07\/PortadaEntrevistaMiguelVicente.jpg 1016w, https:\/\/www.fcad.uner.edu.ar\/proyecto-extension\/wp-content\/uploads\/2019\/07\/PortadaEntrevistaMiguelVicente-300x227.jpg 300w, https:\/\/www.fcad.uner.edu.ar\/proyecto-extension\/wp-content\/uploads\/2019\/07\/PortadaEntrevistaMiguelVicente-768x581.jpg 768w\" sizes=\"(max-width: 1016px) 100vw, 1016px\" \/><\/a><\/div><div class=\"obfx-grid-col-content\">\t\t\t<h2 class=\"entry-title obfx-grid-title\">\n\t\t\t\t\t\t\t<a href=\"https:\/\/www.fcad.uner.edu.ar\/proyecto-extension\/control-y-gestion-en-contexto-covid\/\" title=\"Control y Gesti\u00f3n en Contexto Covid\">\n\t\t\t\t\tControl y Gesti\u00f3n en Contexto Covid\t\t\t\t<\/a>\n\t\t\t\t\t\t\t<\/h2>\n\t\t\t<\/div><\/article><\/div>\t\t\t\t<div class=\"obfx-grid-pagination\">\n\t\t\t\t\t\t\t\t\t\t<nav class=\"pagination\">\n\t\t\t\t\t\t\t\t\t\t\t<\/nav>\n\t\t\t\t<\/div>\n\t\t\t\t<\/div><!-- .obfx-grid-container --><\/div><!-- .obfx-grid -->\t\t<\/div>\n\t\t\t\t<\/div>\n\t\t\t\t\t\t<\/div>\n\t\t\t\t\t<\/div>\n\t\t<\/div>\n\t\t\t\t\t\t\t\t<\/div>\n\t\t\t\t\t<\/div>\n\t\t<\/section>\n\t\t\t\t\t\t\t\t\t<\/div>\n\t\t\t<\/div>\n\t\t\t\t\t<\/div>\n\t\t","protected":false},"excerpt":{"rendered":"<p>Entrevistas Control y Gesti\u00f3n en Contexto Covid Read more<\/p>\n","protected":false},"author":1,"featured_media":0,"parent":0,"menu_order":0,"comment_status":"closed","ping_status":"closed","template":"page-templates\/template-pagebuilder-full-width.php","meta":{"neve_meta_sidebar":"full-width","neve_meta_container":"","neve_meta_enable_content_width":"on","neve_meta_content_width":100,"neve_meta_title_alignment":"","neve_meta_author_avatar":"","neve_post_elements_order":"","neve_meta_disable_header":"","neve_meta_disable_footer":"","neve_meta_disable_title":""},"_links":{"self":[{"href":"https:\/\/www.fcad.uner.edu.ar\/proyecto-extension\/wp-json\/wp\/v2\/pages\/382"}],"collection":[{"href":"https:\/\/www.fcad.uner.edu.ar\/proyecto-extension\/wp-json\/wp\/v2\/pages"}],"about":[{"href":"https:\/\/www.fcad.uner.edu.ar\/proyecto-extension\/wp-json\/wp\/v2\/types\/page"}],"author":[{"embeddable":true,"href":"https:\/\/www.fcad.uner.edu.ar\/proyecto-extension\/wp-json\/wp\/v2\/users\/1"}],"replies":[{"embeddable":true,"href":"https:\/\/www.fcad.uner.edu.ar\/proyecto-extension\/wp-json\/wp\/v2\/comments?post=382"}],"version-history":[{"count":28,"href":"https:\/\/www.fcad.uner.edu.ar\/proyecto-extension\/wp-json\/wp\/v2\/pages\/382\/revisions"}],"predecessor-version":[{"id":716,"href":"https:\/\/www.fcad.uner.edu.ar\/proyecto-extension\/wp-json\/wp\/v2\/pages\/382\/revisions\/716"}],"wp:attachment":[{"href":"https:\/\/www.fcad.uner.edu.ar\/proyecto-extension\/wp-json\/wp\/v2\/media?parent=382"}],"curies":[{"name":"wp","href":"https:\/\/api.w.org\/{rel}","templated":true}]}}